der when 29281 is divided by 525?
406
What is the remainder when 66840 is divided by 13348?
100
Calculate the remainder when 31299 is divided by 4662.
3327
What is the remainder when 8920970 is divided by 286?
58
What is the remainder when 57949 is divided by 1137?
1099
Calculate the remainder when 95497 is divided by 2423.
1000
Calculate the remainder when 6685711 is divided by 6685675.
36
What is the remainder when 122093 is divided by 23207?
6058
Calculate the remainder when 34138863 is divided by 148.
147
Calculate the remainder when 16996688 is divided by 738986.
10
Calculate the remainder when 33137 is divided by 1465.
907
Calculate the remainder when 2240461 is divided by 746820.
1
Calculate the remainder when 1397802 is divided by 698668.
466
Calculate the remainder when 2033341 is divided by 1035.
601
Calculate the remainder when 12913880 is divided by 42.
14
What is the remainder when 1730709 is divided by 20851?
76
Calculate the remainder when 103593 is divided by 1439.
1424
What is the remainder when 4610563 is divided by 58?
27
What is the remainder when 99880090 is divided by 914?
912
What is the remainder when 596103 is divided by 1178?
35
What is the remainder when 57417394 is divided by 126470?
14
What is the remainder when 16277188 is divided by 2018?
0
What is the remainder when 269182 is divided by 2427?
2212
Calculate the remainder when 4669209 is divided by 569.
564
What is the remainder when 920912 is divided by 2314?
2254
What is the remainder when 3038659 is divided by 11?
8
Calculate the remainder when 410679899 is divided by 30.
29
Calculate the remainder when 198841 is divided by 8127.
3793
Calculate the remainder when 60924 is divided by 2630.
434
Calculate the remainder when 1121926 is divided by 5053.
160
Calculate the remainder when 3437687 is divided by 84.
71
Calculate the remainder when 3901253 is divided by 305.
303
What is the remainder when 567088 is divided by 5250?
88
Calculate the remainder when 263811685 is divided by 215.
20
What is the remainder when 5216977 is divided by 11?
7
Calculate the remainder when 10725580 is divided by 74.
20
Calculate the remainder when 216551628 is divided by 389.
385
Calculate the remainder when 4027 is divided by 85.
32
Calculate the remainder when 2187401 is divided by 1093679.
43
Calculate the remainder when 4306828 is divided by 1568.
1100
What is the remainder when 32606 is divided by 31826?
780
What is the remainder when 138821865 is divided by 2144?
9
Calculate the remainder when 519335 is divided by 150.
35
Calculate the remainder when 724248 is divided by 26822.
54
What is the remainder when 6332414 is divided by 14830?
4
What is the remainder when 122826425 is divided by 1308?
1301
What is the remainder when 3860985 is divided by 965245?
5
Calculate the remainder when 394276 is divided by 25.
1
Calculate the remainder when 2551798718 is divided by 320.
318
What is the remainder when 966163 is divided by 213?
208
What is the remainder when 90819 is divided by 103?
76
Calculate the remainder when 47013186 is divided by 127407.
3
Calculate the remainder when 144058 is divided by 235.
3
What is the remainder when 984610 is divided by 57916?
38
What is the remainder when 5649387 is divided by 247?
3
What is the remainder when 7988109 is divided by 1597620?
9
Calculate the remainder when 46368 is divided by 106.
46
Calculate the remainder when 785363830 is divided by 12.
10
What is the remainder when 153093 is divided by 4374?
3
Calculate the remainder when 93921 is divided by 157.
35
What is the remainder when 45252960 is divided by 17?
14
Calculate the remainder when 10190467 is divided by 164.
163
What is the remainder when 58409 is divided by 5277?
362
Calculate the remainder when 215022 is divided by 7565.
3202
What is the remainder when 52142665 is divided by 26071322?
21
What is the remainder when 19527 is divided by 3100?
927
Calculate the remainder when 24122 is divided by 234.
20
What is the remainder when 337171 is divided by 465?
46
Calculate the remainder when 291700 is divided by 72749.
704
What is the remainder when 39932255 is divided by 784?
783
Calculate the remainder when 2294887 is divided by 208593.
364
What is the remainder when 62402456 is divided by 817?
813
Calculate the remainder when 218298 is divided by 12114.
246
What is the remainder when 12061727 is divided by 1302?
1301
What is the remainder when 337700027 is divided by 133?
126
What is the remainder when 37328339 is divided by 106?
15
What is the remainder when 144394 is divided by 6562?
30
Calculate the remainder when 74577493 is divided by 74577462.
31
What is the remainder when 1544971 is divided by 5701?
0
What is the remainder when 215881 is divided by 4406?
4393
What is the remainder when 232771 is divided by 46453?
506
Calculate the remainder when 5424209 is divided by 417173.
960
What is the remainder when 533127 is divided by 1002?
63
What is the remainder when 148548 is divided by 46?
14
Calculate the remainder when 6706113 is divided by 68.
21
Calculate the remainder when 31870 is divided by 31731.
139
Calculate the remainder when 97715590 is divided by 18.
16
Calculate the remainder when 160025 is divided by 8368.
1033
What is the remainder when 18397119 is divided by 43492?
3
What is the remainder when 52735 is divided by 986?
477
Calculate the remainder when 1922988 is divided by 96.
12
Calculate the remainder when 827365 is divided by 4985.
4840
What is the remainder when 2415895 is divided by 99?
97
What is the remainder when 3557463 is divided by 10880?
10583
Calculate the remainder when 327895296 is divided by 139.
134
Calculate the remainder when 6360212 is divided by 83.
5
What is the remainder when 138696 is divided by 8372?
4744
Calculate the remainder when 40280178 is divided by 106280.
58
Calculate the remainder when 178827 is divided by 485.
347
Calculate the remainder when 421124 is divided by 239.
6
Calculate the remainder when 416779 is divided by 176.
11
What is the remainder when 579214 is divided by 200?
14
Calculate the remainder when 114094 is divided by 37870.
484
What is the remainder when 617099 is divided by 45?
14
What is the remainder when 270870476 is divided by 108?
104
What is the remainder when 895045 is divided by 214?
97
Calculate the remainder when 1849906 is divided by 577.
44
What is the remainder when 89252347 is divided by 10?
7
What is the remainder when 14423849 is divided by 1462?
1219
Calculate the remainder when 12550609 is divided by 66.
49
What is the remainder when 32886556 is divided by 8221634?
20
What is the remainder when 493896 is divided by 791?
312
What is the remainder when 29990 is divided by 7443?
218
What is the remainder when 657221 is divided by 1035?
1031
Calculate the remainder when 98562 is divided by 5184.
66
Calculate the remainder when 31508807 is divided by 2350.
7
What is the remainder when 10895934 is divided by 15368?
22
What is the remainder when 915342 is divided by 10890?
582
Calculate the remainder when 1204231 is divided by 2423.
0
Calculate the remainder when 57114 is divided by 544.
538
Calculate the remainder when 10472507 is divided by 3490830.
17
Calculate the remainder when 139891 is divided by 17483.
27
What is the remainder when 32686168 is divided by 1756?
1740
Calculate the remainder when 8128 is divided by 50.
28
Calculate the remainder when 17636052 is divided by 1173.
1170
What is the remainder when 1281850 is divided by 655?
15
What is the remainder when 69930206 is divided by 6866?
6862
What is the remainder when 239339 is divided by 59098?
2947
Calculate the remainder when 33006422 is divided by 157.
155
Calculate the remainder when 11532701 is divided by 46316.
17
What is the remainder when 28877 is divided by 28672?
205
Calculate the remainder when 108246691 is divided by 81881.
9
Calculate the remainder when 224214 is divided by 223747.
467
What is the remainder when 1893933 is divided by 1036?
125
Calculate the remainder when 3163159 is divided by 12.
7
What is the remainder when 26594 is divided by 703?
583
Calculate the remainder when 3704994 is divided by 8054.
154
What is the remainder when 17995279 is divided by 17?
14
Calculate the remainder when 337995 is divided by 52